- 508. Give p(-64).
4
Let g(p) = -95*p + 759. Determine g(8).
-1
Let c(q) = 16*q**2 - q + 1. Calculate c(1).
16
Let x(i) = -i - 19. Determine x(-16).
-3
Let l(v) = -57*v + 349. Calculate l(6).
7
Let y(i) = i**2 - 22*i + 51. Give y(21).
30
Let m(u) = u**3 + 54*u**2 + 105*u + 54. Determine m(-52).
2
Let a(t) = -2*t**2 - 2*t + 5. Determine a(0).
5
Let z(m) = -m**2 - 19*m - 82. Determine z(-13).
-4
Let r(o) = -o**3 - 13*o**2 - 55*o - 366. Calculate r(-11).
-3
Let h(m) = m**3 + 3*m**2 + 2*m - 2. Give h(-4).
-26
Let f(y) = y**3 + 24*y**2 - 23*y + 47. Give f(-25).
-3
Let r(f) = f + 16. Give r(-13).
3
Let s(b) = -b**2 + 14*b - 13. What is s(6)?
35
Let g(p) = 8*p - 31. Give g(6).
17
Let o(w) = -2*w - 13. Give o(-12).
11
Let z(c) = 52*c - 525. Give z(10).
-5
Let g(w) = -4*w + 46. Calculate g(22).
-42
Let h(c) = -c + 8. Determine h(8).
0
Let v(y) = -y**3 + 7*y**2 + 8*y + 2. Determine v(8).
2
Let k(x) = 3*x + 35. Determine k(-12).
-1
Let c(r) = -r**3 + 5*r**2 + r - 2. Give c(4).
18
Let a(l) = l**3 - 15*l**2 - 16*l - 7. Give a(16).
-7
Let c(t) = 2*t + 6. Determine c(-12).
-18
Let b(l) = 3*l**3 + 3*l**2 + 3*l + 2. Calculate b(-2).
-16
Let w(j) = j**2 - 9*j - 4. Determine w(10).
6
Let m(h) = -5*h**2 + 119*h - 83. What is m(23)?
9
Let f(q) = q**3 + 6*q**2 + 9*q - 3. Calculate f(-5).
-23
Let j(m) = -2*m**3 + 6*m**2 + 2*m + 6. Determine j(4).
-18
Let u(a) = -2*a**3 + 4*a**2 - 10*a - 5. Determine u(5).
-205
Let f(l) = -l**2 + 7*l + 5. Give f(7).
5
Let o(h) = -h**3 + 3*h**2 - 4*h + 7. Calculate o(3).
-5
Let d(l) = l**3 - 5*l**2 + 7*l - 16. Give d(3).
-13
Let b(j) = -2*j - 2. Calculate b(-7).
12
Let g(f) = -f + 12. Calculate g(15).
-3
Let l(z) = -z**2 + 38. Give l(0).
38
Let t(w) = -18*w - 12. Give t(-7).
114
Let i(q) = -5*q**3 + 5*q - 2. Give i(-2).
28
Let k(o) = -o**3 + 2*o**2 - 2*o + 37. Calculate k(4).
-3
Let d(f) = f**3 - 22*f**2 + f - 27. Determine d(22).
-5
Let q(b) = -5*b + 11. What is q(6)?
-19
Let w(a) = -25*a + 151. Give w(5).
26
Let n(p) = -9*p - 5. What is n(-2)?
13
Let k(q) = q**3 - 6*q**2 - 15*q - 7. Determine k(8).
1
Let h(s) = -s**3 - 3*s**2 + 8*s + 8. Determine h(-5).
18
Let k(r) = -r**3 - 22*r**2 + 24*r - 38. Give k(-23).
-61
Let r(b) = -2*b + 24. Give r(12).
0
Let x(c) = c**3 - 6*c**2 - 13*c + 3. What is x(7)?
-39
Let m(o) = o**3 + 8*o**2 - 15*o - 9. Determine m(-9).
45
Let c(r) = r**3 - 8*r**2 - 28*r + 167. What is c(9)?
-4
Let i(l) = -l**2 + 7*l - 12. Give i(2).
-2
Let u(h) = -22*h - 1. Calculate u(4).
-89
Let t(z) = -z**2 + 13*z - 22. Calculate t(11).
0
Let z(u) = -u**2 + 3*u + 1. Give z(0).
1
Let d(n) = -n**3 - 28*n**2 + 29*n - 18. Give d(-29).
-18
Let g(s) = -s**3 + 10*s**2 - 28*s + 19. Determine g(6).
-5
Let t(f) = -33*f - 3. Calculate t(-1).
30
Let n(x) = x**3 - x**2 + x - 1. What is n(1)?
0
Let u(z) = 56*z - 1400. Give u(25).
0
Let l(f) = f**2 + 15*f + 10. Calculate l(-13).
-16
Let y(v) = -v**2 + 15*v + 6. Determine y(12).
42
Let t(z) = 6*z + 1. Calculate t(1).
7
Let p(x) = 17*x**2 + x + 1. Calculate p(-1).
17
Let f(s) = -s**2 + 5*s - 3. Determine f(-6).
-69
Let o(h) = 33*h + 268. What is o(-8)?
4
Let l(k) = k**2 + 11*k + 34. What is l(-8)?
10
Let k(w) = -w**2 - w + 32. Give k(-6).
2
Let p(f) = f**3 + 7*f**2 + 2*f - 5. What is p(-3)?
25
Let l(s) = s + 2. Calculate l(-13).
-11
Let h(p) = p**3 + 4*p**2 - 3*p - 8. Determine h(-4).
4
Let x(w) = -w**2 + 13*w + 7. What is x(17)?
-61
Let f(g) = g**2 - 15*g - 37. What is f(17)?
-3
Let j(y) = -2*y**3 + 18*y**2 + 2*y - 12. Determine j(9).
6
Let r(j) = -j**3 + 7*j**2 - 2*j - 2. Calculate r(5).
38
Let x(k) = k**2 - 4*k - 121. What is x(-9)?
-4
Let o(i) = -i**2 - 6*i - 5. Determine o(-6).
-5
Let b(j) = -j**3 + 15*j**2 - 16*j - 14. Give b(13).
116
Let i(k) = 2*k**2 + 13*k - 3. Determine i(-7).
4
Let x(p) = -p**2 - 12*p - 9. What is x(-8)?
23
Let s(l) = 2*l**2 + 2*l + 8. Determine s(-5).
48
Let d(r) = -r**3 - 15*r**2 - 15*r - 19. Give d(-14).
-5
Let k(c) = c**3 + 4*c**2 - 5*c - 25. Calculate k(-4).
-5
Let x(v) = -v**3 - 12*v**2 - 2*v - 15. What is x(-12)?
9
Let l(o) = -4*o**2 + 29*o - 9. Calculate l(6).
21
Let o(d) = 11*d**3 - 3*d**2 - 6*d - 3. Give o(-1).
-11
Let h(p) = p**3 - 8*p**2 + 3*p - 3. Calculate h(8).
21
Let o(k) = 13*k**2 + 4*k - 3. Determine o(2).
57
Let k(d) = 20*d - 236. Determine k(12).
4
Let w(u) = u**3 - 11*u**2 + 8*u + 9. Determine w(7).
-131
Let q(z) = -2*z - 21. Determine q(-10).
-1
Let d(c) = 3*c**3 - 4. Calculate d(-2).
-28
Let y(s) = -3*s + 60. Give y(20).
0
Let x(s) = s**2 - 10*s + 4. Give x(7).
-17
Let w(i) = -8*i - 8. What is w(-2)?
8
Let g(y) = -y**3 + 2*y**2 + 4*y - 7. Give g(3).
-4
Let r(a) = -a**2 + 3*a + 2. What is r(-2)?
-8
Let i(r) = r**3 - 18*r**2 + 7*r + 3. What is i(18)?
129
Let f(h) = -10*h - 145. Determine f(-15).
5
Let b(r) = -2*r + 45. Calculate b(7).
31
Let i(v) = -2*v + 16. What is i(10)?
-4
Let y(c) = 4*c**3 - 2*c + 1. Give y(2).
29
Let f(i) = -i**3 + 22*i**2 - 5*i + 102. Calculate f(22).
-8
Let q(b) = -3*b**2 - 10*b + 23. Give q(3).
-34
Let r(h) = h**3 - 12*h**2 + 14*h - 22. Calculate r(9).
-139
Let u(g) = -g - 7. Determine u(-10).
3
Let l(s) = -s**3 + 2*s**2 + 4*s - 3. What is l(3)?
0
Let f(v) = -v**2 + 21*v + 26. Give f(22).
4
Let f(w) = -w**2 - 12*w - 10. Calculate f(-9).
17
Let u(m) = -5*m**2 + 91*m - 22. Determine u(18).
-4
Let k(q) = -q**3 + 9*q**2 + 7. Calculate k(9).
7
Let p(m) = -m**2 + 3*m + 7. Give p(5).
-3
Let g(b) = b**2 - 4*b - 2. Calculate g(3).
-5
Let d(b) = -2*b**3 - 7*b**2 + 14*b. What is d(2)?
-16
Let d(f) = f**3 + 4*f**2 + f - 6. Calculate d(-2).
0
Let h(y) = y**2 - 18*y + 71. What is h(7)?
-6
Let a(z) = z - 46. Give a(0).
-46
Let y(d) = d**3 - 18*d**2 + 19*d - 4. Give y(17).
30
Let x(u) = u**3 + 4*u**2 - 5*u - 1. Determine x(-5).
-1
Let q(m) = -m**2 - 26. What is q(0)?
-26
Let s(w) = 12*w**3 + 2*w**2 - 1. Determine s(-1).
-11
Let w(f) = f**2 + 9*f - 5. Give w(-10).
5
Let f(u) = -u**2 + 13*u - 15. Give f(13).
-15
Let q(h) = 3*h - 52. Give q(20).
8
Let o(l) = -7*l**2 - 4*l. Give o(-3).
-51
Let h(q) = q**3 + 9*q**2 + 9*q - 3. Give h(-8).
-11
Let u(c) = 7*c - 83. What is u(11)?
-6
Let w(x) = x**3 - 15*x**2 - 15*x - 21. Give w(16).
-5
Let r(z) = 17*z - 22. What is r(7)?
97
Let u(v) = v**2 + v - 1. Calculate u(-8).
55
Let j(p) = 2*p**2 - 3*p - 6. What is j(3)?
3
Let q(a) = -a - 2. Calculate q(10).
-12
Let k(j) = -j**2 - 3*j + 4. Determine k(-6).
-14
Let y(s) = -13*s**2 - 7*s - 1. What is y(-1)?
-7
Let q(t) = -6*t**2 - t - 1. Calculate q(-1).
-6
Let j(z) = 4*z + 7. Determine j(11).
51
Let d(w) = w**3 + 6*w**2 + 16*w + 56. What is d(-5)?
1
Let o(p) = -p**2 + 5*p + 35. Determine o(8).
11
Let y(u) = -u**3 + 8*u**2 - 2*u - 2. Give y(8).
-18
Let t(h) = h**3 + 35*h**2 - 34*h + 80. Determine t(-36).
8
Let l(o) = -2*o**3 + 9*o**2 + 3*o + 12. What is l(6)?
-78
Let h(w) = w**3 + 8*w**2 + 12*w - 6. Determine h(-6).
-6
Let v(l) = -l + 18. What is v(-8)?
26
Let w(q) = 151*q + 1. What is w(1)?
152
Let q(x) = -47*x + 278. Determine q(6).
-4
Let p(s) = -s - 14. What is p(7)?
-21
Let b(f) = 6*f - 38. Calculate b(10).
22
Let t(o) = -19*o. What is t(-4)?
76
Let m(b) = 132*b + 4. Determine m(-1).
-128
Let w(t) = -2*t**2 - 14*t - 28. Calculate w(-3).
-4
Let z(p) = p**2 - 9*p + 27. Calculate z(4).
7
Let q(u) = -u**3 + 23*u**2 - 41*u - 21. Give q(21).
0
Let p(u) = -u**3 - 5*u**2 + u + 12. Determine p(-5).
7
Let g(p) = -p**3 + 25*p**2 - 145*p + 7. Determine g(9).
-2
Let s(j) = -4*j + 5. Determine s(-1).
9
Let u(w) = -w**2 - 9. Give u(0).
-9
Let p(d) = d**3 + 7*d**2 + 5*d - 16. Give p(-6).
-10
Let f(y) = y. Determine f(2).
2
Let g(d) = -16*d + 64. Give g(6).
-32
Let f(g) = 7*g**2 - g - 2. Give f(-1).
6
Let o(b) = b**2 - b - 1. What is o(2)?
1
Let w(a) = a**3 + 6*a**2 + 5*a + 2. Calculate w(-4).
14
Let y(f) = -f**3 - f**2 + 23*f + 54. Calculate y(-3).
3
Let a(d) = d + 4. Calculate a(-4).
0
Let z(x) = x + 9. Determine z(0).
9
Let z(f) = -2*f**2 - 27*f + 6. Calculate z(-14).
-8
Let u(z) = -13*z - 7. Determine u(3).
-46
Let k(w) = w + 15. Determine k(-7).
8
Let h(k) = 3*k - 16. Determine h(8).
8
Let d(v) = -v**2 + 3*v + 5. Calculate d(5).
-5
Let c(t) = 2*t + 16. Give c(-8).
0
Let y(l) = l**3 + 10*l**2 + 2*l + 3. Determine y(-10).
-17
Let u(x) = x**2 - 2*x - 10. What is u(6)?
14
Let c(t) = 2*t**3 + 12*t**2 - 4. Calculate c(-6).
-4
Let s(z) = 6*z. What is s(2)?
12
Let h